uppose 4*c + 14 = -3*x, 4*x - c - 28 = 3*c. Give p(x).
-1
Let s be ((-4)/8)/(1/4). Let u(t) = 1968 - 1968 - t**3. Determine u(s).
8
Suppose 27 = 7*g + 6. Let a(m) = -4*m + 3. Determine a(g).
-9
Let q(a) be the second derivative of a**5/20 + a**4/12 + a**3/6 + a**2/2 + 7*a. Determine q(-2).
-5
Let i(u) = u**2 + 6*u - 2. Let a = -17 + 10. Let j be i(a). Suppose 3*d = j*d. Let m(b) = -b + 6. Determine m(d).
6
Suppose d - 8 = -5*v + 3*v, -5*d - 4*v = -22. Let p(s) = 4*s - s + 4 + 4*s + 6*s**d + s**3 - s. Calculate p(-5).
-1
Suppose 10 = f + 3*z, 5*z = 3*f + 19 + 7. Let h(b) = 3 - 2 - 4*b**3 - 6*b + 3*b**3 + 8*b. Give h(f).
5
Let v(m) be the first derivative of m**2 + 0*m**3 + 2 - m + 5/4*m**4. Give v(1).
6
Let i(c) = -2*c**2 - 3*c. Suppose 2*b + b = 6. Suppose -2*j - b*j = 8. Calculate i(j).
-2
Suppose -3*d + 5 = 2*d. Let i(l) = -16*l**2 + l - 1. Give i(d).
-16
Let w(q) = -q**2 + 6*q - 2. Let r(h) = -h + 1. Let y be r(-3). Let j be w(y). Let c(u) = -u**3 + 5*u**2 + 6*u + 3. Give c(j).
3
Let z(p) = -2 - 1 + 2 + 0*p + 4*p. Give z(-3).
-13
Let a(s) = -2*s - 18 + 8 + 5*s - 2*s. Determine a(0).
-10
Let u = 6 + -4. Let f(h) = -5*h + u*h + h - 1 - h. Determine f(1).
-4
Let u(v) = -v**3 + 4*v**2 - v + 4. Suppose -66 = -l - 63. Calculate u(l).
10
Let u(j) = -j**3 - j**2 - 2*j - 2. Let l = -49 + 70. Let o = -23 + l. Give u(o).
6
Suppose -2*i + 5*o + 22 = 0, -2*i + 20 = -0*i - 4*o. Suppose -d + i*d = 30. Let m(a) = -a**3 + 6*a**2 + a - 6. What is m(d)?
0
Let s(q) = 4 - 2*q**2 - 6 + 6 - 2*q. Let t(p) = p**2 - p - 1. Let c(a) = a**2 + 5*a - 2. Let b(n) = c(n) + 2*t(n). Let v(m) = -3*b(m) - 4*s(m). Determine v(-3).
-10
Let b(i) = 7*i**2 + 5*i + 6. Let k(p) = -p**2 - p - 1. Let y(n) = b(n) + 6*k(n). Give y(-1).
2
Let z(g) = g**2 + 4*g - 2. Suppose -v + 0*l + 4 = -2*l, -5*v - 2*l = 28. What is z(v)?
-2
Let d(w) = 3*w - 3. Let b be 4/5*(-30)/4. Let z(u) = 3*u - 3. Let x be (8 + -1 + 0)/1. Let t(g) = b*d(g) + x*z(g). Determine t(2).
3
Suppose -4*b = -0*b - 8. Let r be (0/b + 2)/1. Let s(k) be the third derivative of k**6/120 - k**5/20 + k**4/6 - k**3/3 + k**2. Determine s(r).
2
Suppose 4*v - 4*m = -0*v + 4, 4*v = -3*m - 31. Let b(y) be the third derivative of y**4/8 + 5*y**3/6 + y**2. Determine b(v).
-7
Let y(u) = 14*u**3 + u**2 + 20*u + 11. Let i(d) = -5*d**3 - 7*d - 4. Let z(l) = 11*i(l) + 4*y(l). What is z(-3)?
0
Let g(q) = 5*q - 1 - 8*q - q + 3*q. Determine g(-4).
3
Let p(h) = -h**2 + 5*h - 4. Let w be p(4). Suppose -3*a + a + 16 = w. Suppose a = 3*v + v, k = -2*v + 4. Let x(l) = l**2 + l - 2. Give x(k).
-2
Let m(u) be the second derivative of u**3/3 - 7*u**2/2 - 2*u. Give m(-5).
-17
Let n(l) = -l - l - 8 + 9. Suppose 3*y = 2 + 4. Determine n(y).
-3
Let d(b) be the third derivative of b**5/60 - 5*b**4/24 - b**3/6 + 2*b**2. Give d(6).
5
Let c = -22 + 38. Suppose 0 = -4*z + 2*x + 12, -c = 4*x. Let o(h) = 12*h. What is o(z)?
12
Let p be (8/(-6))/((-4)/6). Let u(o) = -o**2 - 2 - 2*o + o**3 + 0*o**p + 2*o**2. Let w = 3 - 5. Determine u(w).
-2
Let d(t) = 4*t**2 + 7*t - 11. Let i(m) = -3*m**2 - 5*m + 7. Let g(y) = 5*d(y) + 7*i(y). What is g(0)?
-6
Suppose -6 = -3*d + 3*i, -2*d = -i + 3*i - 12. Let m(t) = t - 4*t**2 - 2 - d*t**3 + 5*t**3 + 0*t + t. Calculate m(3).
-5
Let i(g) = 2*g**3 - 3*g**2 - 1. Let b(t) = 3*t**3 - 6*t**2 - t - 2. Let r(u) = -3*b(u) + 5*i(u). Give r(-2).
-1
Let u(o) = 1 + 4*o**2 - 2*o - 3*o**2 - 4. Let j be u(4). Let q(l) be the first derivative of l**3/3 - 2*l**2 - 3*l + 4. Determine q(j).
2
Let g(b) = 50 + b**2 - 21 - 30 + b. Suppose 4*k - 3*k - j = 3, 2*j = -4*k - 18. Determine g(k).
1
Let d(u) = u**2 - u + 1. Suppose 0 = -2*t + h - 0*h + 19, 4*t + h = 47. Suppose t = 2*p + 3. Suppose -5*b + 1 + p = 0. What is d(b)?
1
Suppose 3*s + 19 = 2*s + 4*r, -4*s + 24 = 4*r. Let c(k) = 10*k**2 - 2*k + 1. Calculate c(s).
9
Let j(l) = l**3 + 6*l**2 + 4*l + 2. Let k be j(-5). Let f(g) = g - 13. Calculate f(k).
-6
Let d(x) = 7*x**3 - 2*x**2 - 7*x + 1. Let z(a) = -9*a**3 + a**2 + 8*a - 1. Let c(k) = -5*d(k) - 4*z(k). Determine c(-3).
17
Let z(o) = 2*o**2 + 10*o - 8. Let u be z(-6). Let q(f) = f**2 - 5*f - 1. What is q(u)?
-5
Let j = 397 - 402. Let w(f) = -5*f - 2*f**2 - 3 - 2 + f**2. Give w(j).
-5
Let x(h) = -h**2 - 10*h + 4. Let j be x(-10). Let u(q) = -j + 5 + q**2 - 1 - q. Let d(k) = k + 3. Let b be d(0). Calculate u(b).
6
Let f(v) = -v**3 + 5*v**2 + 5*v + 6. Let x be (4/(-6))/((-12)/18). Let h be (2 - x) + 10/2. Determine f(h).
0
Let l(q) = 5*q - 19. Let z(b) = b - 5. Let g(j) = 2*l(j) - 9*z(j). Give g(-6).
1
Let u be 2*1 + 14/(-7). Suppose u = 2*w - 3*k - 23, -2*w - 3*k - k = -16. Suppose -3*a + a = -w. Let o(f) = f**2 - 6*f + 6. What is o(a)?
1
Let v(m) = -2 + 5*m**2 + 2*m**3 - m**3 + 2*m + 0*m**3. Let h be ((-9)/(-6))/((-3)/8). Calculate v(h).
6
Let n(t) = 0*t**2 - 3*t - 12 + 7*t + 8 - t**2. Suppose -z = -3*h - 18, 2*z + 11 = -z - 4*h. Give n(z).
-1
Suppose -4*r + l - 5 = 0, -l + 4*l - 15 = -r. Let o(h) = -5*h - 1 - 2*h + r*h - 3*h. Give o(1).
-11
Let q(b) = 3*b + 2. Let i = 18 - 10. Suppose 0*m - m = -5*r - i, 3*r = 3*m. Give q(r).
-4
Let q(l) = -2*l - 6. Let z(v) be the third derivative of -v**5/60 + v**4/8 - v**2. Let h = -33 - -37. Let d be z(h). What is q(d)?
2
Let b(r) = -3*r - 1. Let f(y) = y + 2. Let k = 2 + -5. Let h be f(k). Calculate b(h).
2
Let n(f) be the first derivative of -f**2 + 6*f - 3. What is n(-5)?
16
Let x(s) = 2*s**3 + 3*s + s + 4*s**2 - s**3 + 3. Give x(-3).
0
Let y be -1 - (1 + -4 + 0). Let s(d) = 2 - 6*d**y - 3*d**3 + 3*d + 5 + 4*d**3. Calculate s(5).
-3
Let q be 10/45 - (-64)/36. Let d(s) be the first derivative of -7*s - 3 + 1/2*s**q. Calculate d(6).
-1
Suppose 4*y + 21 = 3*k, -4*y - 22 = 4*k - 6*k. Let f(u) = -u**2 - 3*u + 4. Determine f(y).
-14
Let x(v) = -2*v - 2*v - 2*v - v. Let j be (-2)/5 + (-13)/5. Let n = -2 - j. What is x(n)?
-7
Let f(q) = -q - 9. Let a be f(-12). Suppose -10 = -a*u - 2*u. Let j(x) = x**2 + x - 2. Give j(u).
4
Let t(j) = j**2 + 6*j + 3. Suppose 3*p - p = -5*r + 12, 28 = -2*p + 5*r. Determine t(p).
-5
Let f(g) = 3 + 0 - g + 0*g - 2*g. Determine f(2).
-3
Let h(m) = -2*m**2 + 1. Let o(x) = -x + 8. Let v be o(10). Give h(v).
-7
Let d be 10/4*8/4. Let t(w) = -w**3 + 3*w**2 + 7*w + 2. Give t(d).
-13
Let c(y) = y**3 + 9*y**2 - 4*y + 1. Let x(t) = t**3 + 8*t**2 - 4*t. Let r(z) = -5*c(z) + 6*x(z). Determine r(-4).
-5
Suppose 3*c = 4*c + 3. Let t(l) be the third derivative of -l**2 + 1/12*l**4 + 0*l + 1/60*l**5 + 0 + 1/6*l**3. Calculate t(c).
4
Let k(c) = c - 1 + 4*c**3 - 3*c**2 + c**2 + c**2. Let w be k(1). Suppose -q + 12 = w*p - p, -2*q - 5*p = -29. Let f(o) = o**3 - 3*o**2 + o - 1. What is f(q)?
-3
Let d(c) = 2*c**2 - 22*c. Let p be d(11). Let n(f) = -f + 18. Calculate n(p).
18
Suppose -o = -2*m + 2*o, 0 = -m + 3*o. Let b(n) = -n**3 + n**3 + n**3 + 1. Calculate b(m).
1
Let z(u) = -u**3 - 7*u**2 + 6*u - 10. Let s be z(-8). Let b(g) = g**3 - 6*g**2 - g + 1. What is b(s)?
-5
Let d be (1/2)/((-6)/(-72)). Let u(h) = 2*h**3 + 6*h**2 + h + 1. Let j(p) = -p**3 - p - 1. Let m(x) = -3*j(x) - u(x). What is m(d)?
14
Suppose -3*s - o + 3 = -0*s, -s + o + 5 = 0. Let p(i) = -2 - i**2 - 5*i - 2*i**2 - i**2 + 3*i**s. What is p(-6)?
-8
Let n(i) = -9*i + 10 + i**3 + 26*i**2 - 51*i**2 + 32*i**2 + 2*i. Give n(-8).
2
Let j(v) = -3 - v**3 - 7*v**2 + 1 - 2*v**3 + 2*v**3. Determine j(-7).
-2
Let h(d) be the second derivative of d**8/3360 - d**7/2520 - d**6/240 + d**5/60 - 2*d**4/3 - 5*d. Let i(l) be the third derivative of h(l). Calculate i(2).
8
Suppose -4*b - 122 = -2. Let s = 50 + b. Suppose -4*p = -0*r - 2*r - s, -2*p - 14 = 5*r. Let c(a) = -2*a + 3. Determine c(p).
-3
Let v(d) = d**2 - 4*d + 1. Let y be v(3). Let o(i) be the third derivative of 3*i**2 - 1/8*i**4 + 0 - 1/2*i**3 - 1/30*i**5 + 0*i. Calculate o(y).
-5
Let h(i) = i**3 + 3*i**2 - i + 2. Let q = 11 - 7. Suppose -f + 4 + 3 = -3*z, -5*z = -q*f + 28. Suppose -3*x = -l + 4*l - 3, 2*l = -5*x - f. Calculate h(x).
5
Let c(p) = p**2 - 2*p. Let k(f) = f**2 - f. Let q be 0 + 6 + -1*2. Let h(w) = q*c(w) - 9*k(w). Let r(g) = g**3 - 5*g**2 - 5*g - 7. Let u be r(6). What is h(u)?
-6
Let s(h) = -2*h - 5. Suppose 5*q = 2*q + 21. Give s(q).
-19
Let c(y) be the second derivative of -y**5/20 + y**4/4 - y**3/3 + 3*y**2/2 + 4*y. What is c(3)?
-3
Suppose -h + 1 + 2 = 0. Let o(m) = 0*m